 2*u - 460 = 0. Let p = n - 79. What is the remainder when p is divided by 11?
9
Let d = 21 - -4. Suppose -17*u + 1181 - d = 0. Calculate the remainder when u is divided by 14.
12
Let k be (-6 + 48)*3/(-9). Let d be (-91)/(-2) - (-21)/k. What is the remainder when 24 is divided by 99/d*16/6?
0
Let u(h) be the first derivative of -h**4/4 + 20*h**3/3 + 49*h**2/2 + 77*h + 88. What is the remainder when u(22) is divided by 38?
35
What is the remainder when 8032 is divided by 2 + -5 - (-20 - (177 - -12))?
204
Let v = 19251 - 19242. Calculate the remainder when 185 is divided by v.
5
Let r(c) = c**3 - 2*c**2 - 39*c + 183. Calculate the remainder when 1091 is divided by r(0).
176
Calculate the remainder when 1030 is divided by (12156/24 - 1/2) + (-2 - -9).
4
Let c(a) = a**2 - 7*a + 5. Let z be c(7). Let k(l) = 203*l - 154. What is the remainder when k(1) is divided by 87/z + (-4)/10?
15
Suppose -22 + 7 = 3*m. Let q be m/75*3 - (-31)/5. Suppose 0 = -5*w - 15, 2*g - 2*w = -q*w + 40. What is the remainder when 75 is divided by g?
23
Let d be 0*(-1)/2 - -2. Suppose r - 2*r + 2*l = -266, -3*l = -d*r + 529. Suppose -2*q + r = 3*q. What is the remainder when q is divided by 28?
24
Suppose 0 = -162*q + 13446 + 20834 - 10466. Suppose a = -0*w - 4*w + 12, -4*a + 132 = -5*w. What is the remainder when q is divided by a?
7
What is the remainder when 288 is divided by (1 - (-3 - -2))/((-126)/(-8946))?
4
Let a = -18 - -21. Let x be (1 - 5)*a/12. Calculate the remainder when x/((-5)/(-5))*-22 is divided by 7.
1
Suppose -3*s = 0, 45*s = y + 48*s - 15. Calculate the remainder when 32/y - 216/1620 is divided by (1/1*-2)/(-1).
0
Suppose 0 = -u + 2*a + 140, -128*u + 2*a = -124*u - 548. What is the remainder when u is divided by 16?
8
Let s(u) = 11*u - 8. Let g be s(1). Suppose -4*t = v - 44, -2*t - g*v + 44 = -8*v. Calculate the remainder when 58 is divided by t.
10
Let q = -32 - -139. Suppose q + 193 = 20*i. What is the remainder when i is divided by 7?
1
Suppose -p + 2*p - 4 = 0. Let i be 27/(-12)*104/(-13). Let v = -9 + i. Calculate the remainder when v is divided by p.
1
Suppose 54 - 18 = -3*c. Calculate the remainder when 92 is divided by c/(-15)*(75/(-10))/(-1).
2
Suppose -5*q = 4*k - 4686, 18*q - 27*k = -24*k + 16887. What is the remainder when q is divided by 231?
14
Let r(i) = -i**2 - 10*i - 6. Let j(d) = -d - 3. Let n be j(2). Calculate the remainder when 360 is divided by r(n).
18
Calculate the remainder when 5374 is divided by -8*(-64)/3*(-3)/(-2).
254
Suppose 25 = 2*g - 3. Suppose 303*c + 1000 = 313*c. Suppose 47*s - 88 = c. Calculate the remainder when g is divided by s.
2
Let y = 76 + -21. Let n = -130 + 132. What is the remainder when (n - 64)*21/(-6) is divided by y?
52
Let j = 6851 + -6843. What is the remainder when 4039 is divided by j?
7
Let m = 284 + -274. What is the remainder when 179 is divided by (-8)/m - (-945)/25?
31
Let n(h) = -27*h + 5090. Calculate the remainder when n(0) is divided by 38.
36
Let w = -209 - -228. What is the remainder when -5 - (4 + 2)/(8/(-104)) is divided by w?
16
Suppose h - 15 = 4*h, -4*i + 2*h = -38. Let z(y) = -y**3 + 6*y**2 + 9*y - 2. What is the remainder when 6/(-99) - (-437346)/12474 is divided by z(i)?
11
Suppose 10695 = -5*i + 10810. What is the remainder when 97 is divided by i?
5
Let s(c) = 2*c**2 + c - 5. Let l be s(6). Let o(u) = 2*u**2 + 7*u - 32. Let b be o(5). Let t = l - b. Calculate the remainder when 97 is divided by t.
17
Let r(d) = -d**3 + 3*d**2 + 38*d + 34. What is the remainder when 258 is divided by r(8)?
6
Let p(t) = -2*t - 54. Let r be p(-33). Let i = 17 + -9. Suppose -r*y + i*y + 104 = 0. Calculate the remainder when 74 is divided by y.
22
Suppose 397*j = -160*j + 8706 + 1320. What is the remainder when 27 is divided by j?
9
Suppose 5*t - 7 = 4*t - 3*b, -4*b + 4 = t. Suppose 3*m + 12 = 0, 4*m = a + 7*m + 9. Suppose a*z - 715 = -2*z. What is the remainder when z is divided by t?
15
Let v = -19920 - -20456. What is the remainder when v is divided by 129?
20
Let f = 121 + 229. Let z = -37 + f. What is the remainder when z is divided by 35?
33
Suppose -133*j = -121*j - 1116. Let h(k) = k**3 - 8*k**2 + 8. Calculate the remainder when j is divided by h(8).
5
Suppose 0 = n - 48 - 49. Suppose -20*m = -657 + n. Suppose -5*p = 123 - 393. Calculate the remainder when p is divided by m.
26
Let s = 376 + -302. Let r be 22 - (-1 + 0 - -3). Let b = 35 - r. Calculate the remainder when s is divided by b.
14
Let r(w) be the second derivative of 4*w**3 - 111*w**2/2 - 48*w. What is the remainder when r(6) is divided by 9?
6
Let x(z) = 47*z + 2158. What is the remainder when 166 is divided by x(-45)?
37
Suppose 3*r + 36*x - 40*x - 4245 = 0, 5*x = -r + 1415. What is the remainder when r is divided by 3?
2
Calculate the remainder when 1797 is divided by ((-10)/(-11))/((-178)/(-979)) - 19*-1.
21
Let c be (-2 - 1)*(2 + 2)*3. Let g = 56 + c. Calculate the remainder when g is divided by 7.
6
Suppose 22 = 3*b + 51 - 41. Calculate the remainder when 30 is divided by b.
2
Let l = -1161 - -1163. Suppose 4*v = 3*v + 23. Let k = -9 + v. What is the remainder when k is divided by l?
0
Let r(y) = y**3 - 18*y**2 + 4*y - 69. Let s be r(18). Suppose s*a - 6 = 0, -f - 5*a = 3*f - 62. Calculate the remainder when 51 is divided by f.
12
Let j(s) = -s**2 + 13*s + 4. Suppose -3*c + 30 + 39 = 0. Let o = 35 - c. Calculate the remainder when j(o) is divided by 9.
7
Let t = 1531 - -3998. Calculate the remainder when t is divided by 15.
9
Let k be 600/16*4/5. Suppose x + k = -5*x. Let o(i) = i**3 + 6*i**2 + i + 4. Calculate the remainder when 69 is divided by o(x).
21
Let r = 223 + -234. Let j(o) = o**2 - 19*o - 62. What is the remainder when j(r) is divided by 27?
25
Let j(f) = 4*f - 2. Let n be j(-5). Let d = 27 + n. Suppose 68 = d*u - u. What is the remainder when 84 is divided by u?
16
Suppose -v - 3 = -0*v, 4*v - 132 = -2*u. Calculate the remainder when 501 is divided by u.
69
Suppose 159*o - 53200 = -4*o - 187*o. What is the remainder when 1368 is divided by o?
0
Suppose -1440 = -32*y - 112*y. What is the remainder when 366 is divided by y?
6
Let q(p) = 4*p**2 + 3*p + 3. What is the remainder when q(-5) is divided by (65/(-10) - -5)/(47/(-1598))?
37
Suppose 2041 + 43499 = 604*h - 98*h. Calculate the remainder when 806 is divided by h.
86
Let w(d) = -3*d**2 - 28*d + 3. Suppose 5*y + 5*j + 60 = 0, 5*j - 2 = -17. Calculate the remainder when 250 is divided by w(y).
10
Let d(n) = -n**3 + 10*n**2 + 208*n - 72. Calculate the remainder when 3606 is divided by d(20).
86
Let x(w) = 39*w + 40 - 30*w - 16*w. Let z(u) = 2*u**2 + 7*u - 7. What is the remainder when x(0) is divided by z(-6)?
17
Suppose -10 = p - 8. Let k be ((-15)/21 - 1)/(p/28). Let c = 42 - k. Calculate the remainder when 70 is divided by c.
16
Let a(j) = j**3 + 62*j**2 - 1648*j - 227. Calculate the remainder when a(-82) is divided by 331.
98
Suppose 52*s + 40404 = -0*s. Let z = -757 - s. What is the remainder when 177 is divided by z?
17
Suppose 63*m - 66*m + 572 + 790 = 0. What is the remainder when m is divided by 62?
20
Let t(a) = 2 + 2*a**2 - 3*a**2 - 24*a**3 + 0*a**2 + a. Let y be ((-1)/4)/(20/80). What is the remainder when 67 is divided by t(y)?
19
Let g = -133 - -26. Let k = -106 - g. What is the remainder when 52 is divided by 0 + 2 + k + 15?
16
Let l(o) = 2*o**2 + 86*o - 32. What is the remainder when l(-57) is divided by 49?
45
Suppose 0 = 5*d + q - 367, 3*q - 213 = -10*d + 7*d. Calculate the remainder when 293 + 0 + 2 + (-3 - -2) is divided by d.
72
Let h(m) = -m**2 - 5*m + 357. Let k(i) = 4*i**3 - 3*i**2 + 6*i - 6. Calculate the remainder when k(4) is divided by h(16).
16
Suppose -4*x + 146 + 118 = 0. Suppose 7*j - 20 = 5*j. Suppose -j*b = -173 - 57. Calculate the remainder when x is divided by b.
20
Let q(p) = -3 + 7 + 4 - p. Let a(b) = -b**3 - 42*b**2 + 56. What is the remainder when a(-42) is divided by q(-7)?
11
Let i(k) = 66*k + 936. What is the remainder when 47 is divided by i(-14)?
11
Let m = -758 + 761. Suppose -17*v = -12*v - 10. Suppose h - 3*h = -4*a - 10, -v*h + 10 = -a. What is the remainder when h is divided by m?
2
Let n(c) = 4*c**2 + 95*c - 851. Calculate the remainder when n(11) is divided by 12.
6
Let u = -8 - -19. Suppose -7*w + 19 = -1423